{"id":9,"date":"2014-07-19T05:47:27","date_gmt":"2014-07-19T05:47:27","guid":{"rendered":"http:\/\/peoeson.se\/?page_id=9"},"modified":"2024-03-22T10:17:56","modified_gmt":"2024-03-22T10:17:56","slug":"ord","status":"publish","type":"page","link":"https:\/\/peoeson.se\/?page_id=9","title":{"rendered":"Ord"},"content":{"rendered":"\n<h2 class=\"wp-block-heading\">Ny bild- och diktbok<\/h2>\n\n\n\n<div class=\"wp-block-media-text is-stacked-on-mobile\"><figure class=\"wp-block-media-text__media\"><img loading=\"lazy\" decoding=\"async\" width=\"521\" height=\"553\" src=\"https:\/\/peoeson.se\/wp-content\/uploads\/2023\/10\/Omslag_skarmdump.jpg\" alt=\"\" class=\"wp-image-289 size-full\" srcset=\"https:\/\/peoeson.se\/wp-content\/uploads\/2023\/10\/Omslag_skarmdump.jpg 521w, https:\/\/peoeson.se\/wp-content\/uploads\/2023\/10\/Omslag_skarmdump-283x300.jpg 283w\" sizes=\"auto, (max-width: 521px) 100vw, 521px\" \/><\/figure><div class=\"wp-block-media-text__content\">\n<p>Min nya bild- och diktbok, Ursprungstonen.<\/p>\n\n\n\n<p>Boken inneh\u00e5ller 90 fina fotografier och n\u00e4stan lika m\u00e5nga dikter p\u00e5 156 sidor. Formatet \u00e4r kvadratiskt 185 x 185 mm, Danskt band. Tryckt p\u00e5 papper anpassat till fotografier.<\/p>\n\n\n\n<p>Det g\u00e5r nu att best\u00e4lla boken. Se under fliken P\u00e5 g\u00e5ng h\u00e4r p\u00e5 min hemsida.<\/p>\n<\/div><\/div>\n\n\n\n<h2 class=\"wp-block-heading\">Mark\u00f6rerna<\/h2>\n\n\n\n<h6 class=\"wp-block-heading\">(utgiven 2018)<\/h6>\n\n\n<div class=\"wp-block-image\">\n<figure class=\"alignleft\"><a href=\"https:\/\/peoeson.se\/wp-content\/uploads\/2018\/04\/20180309_201640_resized.jpg\"><img loading=\"lazy\" decoding=\"async\" width=\"225\" height=\"300\" src=\"https:\/\/peoeson.se\/wp-content\/uploads\/2018\/04\/20180309_201640_resized-225x300.jpg\" alt=\"\" class=\"wp-image-84\" srcset=\"https:\/\/peoeson.se\/wp-content\/uploads\/2018\/04\/20180309_201640_resized-225x300.jpg 225w, https:\/\/peoeson.se\/wp-content\/uploads\/2018\/04\/20180309_201640_resized-600x800.jpg 600w, https:\/\/peoeson.se\/wp-content\/uploads\/2018\/04\/20180309_201640_resized.jpg 756w\" sizes=\"auto, (max-width: 225px) 100vw, 225px\" \/><\/a><\/figure><\/div>\n\n\n<p>Efter mer \u00e4n 25 \u00e5rs skrivande har jag sammanst\u00e4llt dikter och fragment av texter i en samling som heter &#8221;Mark\u00f6rerna&#8221;.<\/p>\n\n\n\n<p><a href=\"https:\/\/widget.publit.com\/peoeson-bocker_3347\/markorerna\/9789176110768\">L\u00e4s om och best\u00e4ll boken h\u00e4r (l\u00e4nk till Publit.com)<\/a><\/p>\n","protected":false},"excerpt":{"rendered":"<p>Ny bild- och diktbok Min nya bild- och diktbok, Ursprungstonen. Boken inneh\u00e5ller 90 fina fotografier och n\u00e4stan lika m\u00e5nga dikter p\u00e5 156 sidor. Formatet \u00e4r kvadratiskt 185 x 185 mm, Danskt band. Tryckt p\u00e5 papper anpassat till fotografier. Det g\u00e5r nu att best\u00e4lla boken. Se under fliken P\u00e5 g\u00e5ng h\u00e4r p\u00e5 min hemsida. Mark\u00f6rerna (utgiven&hellip; <a class=\"more-link\" href=\"https:\/\/peoeson.se\/?page_id=9\">Forts\u00e4tt l\u00e4sa <span class=\"screen-reader-text\">Ord<\/span><\/a><\/p>\n","protected":false},"author":1,"featured_media":0,"parent":0,"menu_order":0,"comment_status":"open","ping_status":"closed","template":"","meta":{"footnotes":""},"class_list":["post-9","page","type-page","status-publish","hentry","entry"],"_links":{"self":[{"href":"https:\/\/peoeson.se\/index.php?rest_route=\/wp\/v2\/pages\/9","targetHints":{"allow":["GET"]}}],"collection":[{"href":"https:\/\/peoeson.se\/index.php?rest_route=\/wp\/v2\/pages"}],"about":[{"href":"https:\/\/peoeson.se\/index.php?rest_route=\/wp\/v2\/types\/page"}],"author":[{"embeddable":true,"href":"https:\/\/peoeson.se\/index.php?rest_route=\/wp\/v2\/users\/1"}],"replies":[{"embeddable":true,"href":"https:\/\/peoeson.se\/index.php?rest_route=%2Fwp%2Fv2%2Fcomments&post=9"}],"version-history":[{"count":15,"href":"https:\/\/peoeson.se\/index.php?rest_route=\/wp\/v2\/pages\/9\/revisions"}],"predecessor-version":[{"id":326,"href":"https:\/\/peoeson.se\/index.php?rest_route=\/wp\/v2\/pages\/9\/revisions\/326"}],"wp:attachment":[{"href":"https:\/\/peoeson.se\/index.php?rest_route=%2Fwp%2Fv2%2Fmedia&parent=9"}],"curies":[{"name":"wp","href":"https:\/\/api.w.org\/{rel}","templated":true}]}}